{"id":2003,"date":"2023-04-30T21:18:43","date_gmt":"2023-04-30T19:18:43","guid":{"rendered":"https:\/\/ryscloud.sk\/?page_id=2003"},"modified":"2024-11-18T15:09:48","modified_gmt":"2024-11-18T14:09:48","slug":"dms","status":"publish","type":"page","link":"https:\/\/ryscloud.sk\/index.php\/dms\/","title":{"rendered":"DMS"},"content":{"rendered":"\n<h2 class=\"wp-block-heading has-text-align-center\" style=\"text-transform:uppercase\">Dia\u013ekov\u00fd monitor spotreby<\/h2>\n\n\n\n<p class=\"has-text-align-center\">Dia\u013ekov\u00fd monitor spotreby (DMS) spolu s&nbsp;elektromerom umo\u017e\u0148uj\u00fa <strong>podru\u017en\u00e9 meranie spotreby energie<\/strong> pr\u00edstupov\u00e9ho syst\u00e9mu a&nbsp;on-line prepojenie do SSO, kde s\u00fa \u00fadaje spracovan\u00e9 a&nbsp;spr\u00edstupnen\u00e9 kone\u010dn\u00e9mu adres\u00e1tovi . DMS umo\u017e\u0148uje efekt\u00edvnej\u0161iu kontrolu spotreby elektrickej energie nie len pre pr\u00edstupov\u00e9 syst\u00e9my, ale rovnako aj pre r\u00f4znych in\u00e9 zariaden\u00ed, kde je potrebn\u00e1 kontrola spotrebovanej elektrickej energie a pr\u00edpadne refaktur\u00e1cia n\u00e1kladov.<\/p>\n\n\n\n<div style=\"height:20px\" aria-hidden=\"true\" class=\"wp-block-spacer\"><\/div>\n\n\n\n<div class=\"wp-block-boldblocks-icon-separator\" role=\"separator\"><div class=\"wp-block-boldblocks-icon-separator__inner icon-center is-align-center\" style=\"--bb--width--sm:var(--bb--width--lg);--bb--width--md:var(--bb--width--lg);--bb--width--lg:25%;--bb-border:1px solid var(--wp--preset--color--accent-1, #e2671f);--bb--icon-width:1em;--bb--icon-spacing:.5em;--bb--icon-fill-color:var(--wp--preset--color--accent-1, #e2671f)\"><svg xmlns=\"http:\/\/www.w3.org\/2000\/svg\" viewBox=\"0 0 20 20\" class=\"bb-icon bb-icon--arrow-down-alt2\">\n  <path d=\"m5 6 5 5 5-5 2 1-7 7-7-7z\"><\/path>\n<\/svg><\/div><\/div>\n\n\n\n<div style=\"height:30px\" aria-hidden=\"true\" class=\"wp-block-spacer\"><\/div>\n\n\n\n<div class=\"wp-block-columns is-layout-flex wp-container-core-columns-is-layout-9d6595d7 wp-block-columns-is-layout-flex\">\n<div class=\"wp-block-column is-layout-flow wp-block-column-is-layout-flow\">\n<div class=\"wp-block-columns is-layout-flex wp-container-core-columns-is-layout-9d6595d7 wp-block-columns-is-layout-flex\">\n<div class=\"wp-block-column is-layout-flow wp-block-column-is-layout-flow\" style=\"flex-basis:33.33%\">\n<p class=\"has-drop-cap has-accent-1-color has-text-color\" style=\"font-size:8px\">1<\/p>\n<\/div>\n\n\n\n<div class=\"wp-block-column is-layout-flow wp-block-column-is-layout-flow\" style=\"flex-basis:300%\">\n<p class=\"has-large-font-size\" style=\"text-transform:uppercase\">smart kontrola spotrebovanej elektrickej energie<\/p>\n<\/div>\n<\/div>\n<\/div>\n\n\n\n<div class=\"wp-block-column is-layout-flow wp-block-column-is-layout-flow\">\n<div class=\"wp-block-columns is-layout-flex wp-container-core-columns-is-layout-9d6595d7 wp-block-columns-is-layout-flex\">\n<div class=\"wp-block-column is-layout-flow wp-block-column-is-layout-flow\" style=\"flex-basis:33.33%\">\n<p class=\"has-drop-cap has-accent-1-color has-text-color\" style=\"font-size:8px\">2<\/p>\n<\/div>\n\n\n\n<div class=\"wp-block-column is-layout-flow wp-block-column-is-layout-flow\" style=\"flex-basis:300%\">\n<p class=\"has-large-font-size\" style=\"text-transform:uppercase\">aktu\u00e1lne hodnoty spotreby online v SSO, emailov\u00e9 upozornie<\/p>\n<\/div>\n<\/div>\n<\/div>\n\n\n\n<div class=\"wp-block-column is-layout-flow wp-block-column-is-layout-flow\">\n<div class=\"wp-block-columns is-layout-flex wp-container-core-columns-is-layout-9d6595d7 wp-block-columns-is-layout-flex\">\n<div class=\"wp-block-column is-layout-flow wp-block-column-is-layout-flow\" style=\"flex-basis:33.33%\">\n<p class=\"has-drop-cap has-accent-1-color has-text-color\" style=\"font-size:8px\">3<\/p>\n<\/div>\n\n\n\n<div class=\"wp-block-column is-layout-flow wp-block-column-is-layout-flow\" style=\"flex-basis:300%\">\n<p class=\"has-large-font-size\" style=\"text-transform:uppercase\">presn\u00e9 podklady na refaktur\u00e1ciu n\u00e1kladov<\/p>\n<\/div>\n<\/div>\n<\/div>\n<\/div>\n\n\n\n<p class=\"has-text-align-center has-large-font-size\"><strong>Potrebujete vedie\u0165 ko\u013eko elektrickej energie spotrebuje v\u00e1\u0161 pr\u00edstupov\u00fd syst\u00e9m?<\/strong><\/p>\n\n\n<div class=\"wp-block-image\">\n<figure class=\"aligncenter size-full\"><img loading=\"lazy\" decoding=\"async\" width=\"591\" height=\"401\" src=\"https:\/\/ryscloud.sk\/wp-content\/uploads\/2023\/04\/dms_1.jpg\" alt=\"\" class=\"wp-image-1773\" srcset=\"https:\/\/ryscloud.sk\/wp-content\/uploads\/2023\/04\/dms_1.jpg 591w, https:\/\/ryscloud.sk\/wp-content\/uploads\/2023\/04\/dms_1-300x204.jpg 300w, https:\/\/ryscloud.sk\/wp-content\/uploads\/2023\/04\/dms_1-452x307.jpg 452w\" sizes=\"auto, (max-width: 591px) 100vw, 591px\" \/><\/figure>\n<\/div>\n\n\n<div style=\"height:20px\" aria-hidden=\"true\" class=\"wp-block-spacer\"><\/div>\n\n\n\n<p class=\"has-text-align-center\">Z\u00e1kladom je in\u0161tal\u00e1cia<strong> <\/strong>certifikovan\u00e9ho elektronick\u00e9ho elektromeru, ku ktor\u00e9mu je pripojen\u00fd DMS dia\u013ekov\u00e9ho monitora spotreby. <strong>\u00dadaje z&nbsp;elektromeru s\u00fa zasielan\u00e9 cez RS485 Modbus linku do DMS cez d\u00e1tov\u00fa sie\u0165 zasielan\u00e9 do SSO<\/strong> a&nbsp;zobrazen\u00fd v&nbsp;u\u017e\u00edvate\u013eskom \u00fa\u010dte pre kone\u010dn\u00e9ho adres\u00e1ra alebo aj na preddefinovan\u00fd email kone\u010dn\u00e9ho adres\u00e1ta. Stav spotreby je mo\u017en\u00e9 sledova\u0165 aj priamo na&nbsp; LCD displeji DMS na mieste in\u0161tal\u00e1cie. <\/p>\n\n\n\n<div class=\"wp-block-boldblocks-icon-separator\" role=\"separator\"><div class=\"wp-block-boldblocks-icon-separator__inner icon-center is-align-center\" style=\"--bb--width--sm:var(--bb--width--lg);--bb--width--md:var(--bb--width--lg);--bb--width--lg:25%;--bb-border:1px solid var(--wp--preset--color--accent-1, #e2671f);--bb--icon-width:1em;--bb--icon-spacing:.5em;--bb--icon-fill-color:var(--wp--preset--color--accent-1, #e2671f)\"><svg xmlns=\"http:\/\/www.w3.org\/2000\/svg\" viewBox=\"0 0 20 20\" class=\"bb-icon bb-icon--arrow-down-alt2\">\n  <path d=\"m5 6 5 5 5-5 2 1-7 7-7-7z\"><\/path>\n<\/svg><\/div><\/div>\n\n\n\n<h2 class=\"wp-block-heading has-text-align-center\" style=\"text-transform:uppercase\">kedy je vhodn\u00e9 pou\u017eitie monitoru dms<\/h2>\n\n\n\n<p class=\"has-text-align-center\">DMS monitoruje a odosiela okrej \u00fadajov o spotrebe aj inform\u00e1cie o sie\u0165ovom nap\u00e4t\u00ed, stave akumul\u00e1tora, teplotu okolia elektromeru.<\/p>\n\n\n\n<div style=\"height:20px\" aria-hidden=\"true\" class=\"wp-block-spacer\"><\/div>\n\n\n\n<div class=\"wp-block-columns is-layout-flex wp-container-core-columns-is-layout-9d6595d7 wp-block-columns-is-layout-flex\">\n<div class=\"wp-block-column is-layout-flow wp-block-column-is-layout-flow\">\n<div class=\"wp-block-columns is-layout-flex wp-container-core-columns-is-layout-9d6595d7 wp-block-columns-is-layout-flex\">\n<div class=\"wp-block-column is-layout-flow wp-block-column-is-layout-flow\" style=\"flex-basis:300%\">\n<p class=\"has-normal-font-size\" style=\"letter-spacing:3px;text-transform:uppercase\"><i class=\"icon fa fa-check-square-o\" aria-hidden=\"true\"> <\/i> zdie\u013ean\u00e9 kontajnerov\u00e9 stojisko viacer\u00fdmi domami<\/p>\n<\/div>\n<\/div>\n<\/div>\n\n\n\n<div class=\"wp-block-column is-layout-flow wp-block-column-is-layout-flow\">\n<div class=\"wp-block-columns is-layout-flex wp-container-core-columns-is-layout-9d6595d7 wp-block-columns-is-layout-flex\">\n<div class=\"wp-block-column is-layout-flow wp-block-column-is-layout-flow\" style=\"flex-basis:33.33%\"><\/div>\n\n\n\n<div class=\"wp-block-column is-layout-flow wp-block-column-is-layout-flow\" style=\"flex-basis:300%\">\n<p class=\"has-normal-font-size\" style=\"letter-spacing:3px;text-transform:uppercase\"><i class=\"icon fa fa-check-square-o\" aria-hidden=\"true\"> <\/i> pripojenie stojiska na zdroj verejn\u00e9ho osvetlenia<\/p>\n<\/div>\n<\/div>\n<\/div>\n\n\n\n<div class=\"wp-block-column is-layout-flow wp-block-column-is-layout-flow\">\n<div class=\"wp-block-columns is-layout-flex wp-container-core-columns-is-layout-9d6595d7 wp-block-columns-is-layout-flex\">\n<div class=\"wp-block-column is-layout-flow wp-block-column-is-layout-flow\" style=\"flex-basis:33.33%\"><\/div>\n\n\n\n<div class=\"wp-block-column is-layout-flow wp-block-column-is-layout-flow\" style=\"flex-basis:300%\">\n<p class=\"has-normal-font-size\" style=\"letter-spacing:3px;text-transform:uppercase\"><i class=\"icon fa fa-check-square-o\" aria-hidden=\"true\"> <\/i> individu\u00e1lne meranie spotreby zariaden\u00ed<\/p>\n<\/div>\n<\/div>\n<\/div>\n<\/div>\n\n\n\n<p class=\"has-text-align-center\">Dia\u013ekov\u00fd monitor spotreby (DMS) elektrickej energie je vhodn\u00fd n\u00e1stroj ako (1) kontrolova\u0165 spotrebu pr\u00edstupov\u00e9ho syst\u00e9mu v kontajnerovom stojisku pokia\u013e je <strong>syst\u00e9m zdie\u013ean\u00fd viacer\u00fdmi bytov\u00fdmi domami<\/strong> a spotrebu je potrebn\u00e9 rozpo\u010d\u00edta\u0165\u0165.  Alebo (2) pri pripojen\u00ed na <strong>zdroj verejn\u00e9ho osvetlenia<\/strong> (no\u010dn\u00fd pr\u00fad). Syst\u00e9m je po\u010das d\u0148a nap\u00e1jan\u00fd z bat\u00e9rie, ktorej stav je rovnako kontrolovan\u00fd online v SSO. Po prepnut\u00ed na no\u010dn\u00fd pr\u00fad syst\u00e9m automaticky monitoruje spotrebu a odosiela jej stav do SSO.  (3) DMS m\u00f4\u017ee posl\u00fa\u017ei\u0165 aj ako vhodn\u00fd n\u00e1stroj ako zisti\u0165 <strong>spotrebu konkr\u00e9tneho zariadenie <\/strong>pripojen\u00e9 na  elektromer.<\/p>\n\n\n\n<p class=\"has-text-align-center has-large-font-size\"><strong>S dia\u013ekov\u00fdm monitorom viete spotrebu energie mera\u0165 a regulova\u0165 efekt\u00edvnej\u0161ie a jednoduch\u0161ie.<\/strong><\/p>\n","protected":false},"excerpt":{"rendered":"<p>Dia\u013ekov\u00fd monitor spotreby Dia\u013ekov\u00fd monitor spotreby (DMS) spolu s&nbsp;elektromerom umo\u017e\u0148uj\u00fa podru\u017en\u00e9 meranie spotreby energie pr\u00edstupov\u00e9ho syst\u00e9mu a&nbsp;on-line prepojenie do SSO, kde &hellip;<\/p>\n","protected":false},"author":2,"featured_media":1003,"parent":0,"menu_order":0,"comment_status":"closed","ping_status":"closed","template":"","meta":{"_exactmetrics_skip_tracking":false,"_exactmetrics_sitenote_active":false,"_exactmetrics_sitenote_note":"","_exactmetrics_sitenote_category":0,"footnotes":""},"class_list":["post-2003","page","type-page","status-publish","has-post-thumbnail","hentry"],"_links":{"self":[{"href":"https:\/\/ryscloud.sk\/index.php\/wp-json\/wp\/v2\/pages\/2003","targetHints":{"allow":["GET"]}}],"collection":[{"href":"https:\/\/ryscloud.sk\/index.php\/wp-json\/wp\/v2\/pages"}],"about":[{"href":"https:\/\/ryscloud.sk\/index.php\/wp-json\/wp\/v2\/types\/page"}],"author":[{"embeddable":true,"href":"https:\/\/ryscloud.sk\/index.php\/wp-json\/wp\/v2\/users\/2"}],"replies":[{"embeddable":true,"href":"https:\/\/ryscloud.sk\/index.php\/wp-json\/wp\/v2\/comments?post=2003"}],"version-history":[{"count":36,"href":"https:\/\/ryscloud.sk\/index.php\/wp-json\/wp\/v2\/pages\/2003\/revisions"}],"predecessor-version":[{"id":3475,"href":"https:\/\/ryscloud.sk\/index.php\/wp-json\/wp\/v2\/pages\/2003\/revisions\/3475"}],"wp:featuredmedia":[{"embeddable":true,"href":"https:\/\/ryscloud.sk\/index.php\/wp-json\/wp\/v2\/media\/1003"}],"wp:attachment":[{"href":"https:\/\/ryscloud.sk\/index.php\/wp-json\/wp\/v2\/media?parent=2003"}],"curies":[{"name":"wp","href":"https:\/\/api.w.org\/{rel}","templated":true}]}}