{"id":3478,"date":"2024-11-20T09:25:05","date_gmt":"2024-11-20T08:25:05","guid":{"rendered":"https:\/\/ryscloud.sk\/?page_id=3478"},"modified":"2024-11-20T09:25:21","modified_gmt":"2024-11-20T08:25:21","slug":"fotopasca","status":"publish","type":"page","link":"https:\/\/ryscloud.sk\/index.php\/fotopasca\/","title":{"rendered":"Fotopasca"},"content":{"rendered":"\n<h2 class=\"wp-block-heading has-text-align-center\">CLOUDOV\u00c1 FOTOPASCA<\/h2>\n\n\n\n<p class=\"has-text-align-center\">Pre zv\u00fd\u0161enie bezpe\u010dnosti uzamknut\u00fdch pr\u00edstupov\u00fdch bodov &#8211; stojisk\u00e1 a kontajnery na odpad, lesn\u00e9 z\u00e1vory a stavby je vhodn\u00e9 doplni\u0165 syst\u00e9m o cloudov\u00fa fotopascu. V\u00fdhodou je jednoduch\u00e9 mont\u00e1\u017e a obsluha. Fotopascu m\u00f4\u017eete po ur\u010ditom \u010dase premiestni\u0165 na in\u00e9 miesto, ktor\u00e9 potrebuje zv\u00fd\u0161en\u00fa bezpe\u010dnos\u0165.<\/p>\n\n\n\n<div style=\"height:20px\" aria-hidden=\"true\" class=\"wp-block-spacer\"><\/div>\n\n\n\n<div class=\"wp-block-boldblocks-icon-separator\" role=\"separator\"><div class=\"wp-block-boldblocks-icon-separator__inner icon-center is-align-center\" style=\"--bb--width--sm:var(--bb--width--lg);--bb--width--md:var(--bb--width--lg);--bb--width--lg:25%;--bb-border:1px solid var(--wp--preset--color--accent-1, #e2671f);--bb--icon-width:1em;--bb--icon-spacing:.5em;--bb--icon-fill-color:var(--wp--preset--color--accent-1, #e2671f)\"><svg xmlns=\"http:\/\/www.w3.org\/2000\/svg\" viewBox=\"0 0 20 20\" class=\"bb-icon bb-icon--arrow-down-alt2\">\n  <path d=\"m5 6 5 5 5-5 2 1-7 7-7-7z\"><\/path>\n<\/svg><\/div><\/div>\n\n\n\n<div style=\"height:30px\" aria-hidden=\"true\" class=\"wp-block-spacer\"><\/div>\n\n\n\n<div class=\"wp-block-columns is-layout-flex wp-container-core-columns-is-layout-9d6595d7 wp-block-columns-is-layout-flex\">\n<div class=\"wp-block-column is-layout-flow wp-block-column-is-layout-flow\">\n<div class=\"wp-block-columns is-layout-flex wp-container-core-columns-is-layout-9d6595d7 wp-block-columns-is-layout-flex\">\n<div class=\"wp-block-column is-layout-flow wp-block-column-is-layout-flow\" style=\"flex-basis:33.33%\">\n<p class=\"has-drop-cap has-accent-1-color has-text-color\" style=\"font-size:8px\">1<\/p>\n<\/div>\n\n\n\n<div class=\"wp-block-column is-layout-flow wp-block-column-is-layout-flow\" style=\"flex-basis:300%\">\n<p class=\"has-large-font-size\" style=\"text-transform:uppercase\">automatick\u00e9 odosielanie sn\u00edmkov do cloudu<\/p>\n<\/div>\n<\/div>\n<\/div>\n\n\n\n<div class=\"wp-block-column is-layout-flow wp-block-column-is-layout-flow\">\n<div class=\"wp-block-columns is-layout-flex wp-container-core-columns-is-layout-9d6595d7 wp-block-columns-is-layout-flex\">\n<div class=\"wp-block-column is-layout-flow wp-block-column-is-layout-flow\" style=\"flex-basis:33.33%\">\n<p class=\"has-drop-cap has-accent-1-color has-text-color\" style=\"font-size:8px\">2<\/p>\n<\/div>\n\n\n\n<div class=\"wp-block-column is-layout-flow wp-block-column-is-layout-flow\" style=\"flex-basis:300%\">\n<p class=\"has-large-font-size\" style=\"text-transform:uppercase\">Udalosti z FOTOPASCE v SSO<\/p>\n<\/div>\n<\/div>\n<\/div>\n\n\n\n<div class=\"wp-block-column is-layout-flow wp-block-column-is-layout-flow\">\n<div class=\"wp-block-columns is-layout-flex wp-container-core-columns-is-layout-9d6595d7 wp-block-columns-is-layout-flex\">\n<div class=\"wp-block-column is-layout-flow wp-block-column-is-layout-flow\" style=\"flex-basis:33.33%\">\n<p class=\"has-drop-cap has-accent-1-color has-text-color\" style=\"font-size:8px\">3<\/p>\n<\/div>\n\n\n\n<div class=\"wp-block-column is-layout-flow wp-block-column-is-layout-flow\" style=\"flex-basis:300%\">\n<p class=\"has-large-font-size\" style=\"text-transform:uppercase\">Synchroniz\u00e1cia s monitorovan\u00fdm zariaden\u00edm<\/p>\n<\/div>\n<\/div>\n<\/div>\n<\/div>\n\n\n\n<p class=\"has-text-align-center has-large-font-size\"><strong>Potrebujete do\u010dasn\u00e9 alebo trval\u00e9 monitorovanie uzamknut\u00e9ho objektu?<\/strong><\/p>\n\n\n\n<p class=\"has-text-align-center\">Fotopasca funguje \u0161tandardne na z\u00e1klade detekcie pohybu, sn\u00edmky s\u00fa n\u00e1sledne odoslan\u00e9 do cloudu. Na prenos d\u00e1t posta\u010d\u00ed, aby bol na danom mieste in\u0161tal\u00e1cie sign\u00e1l \u0161tandardne pou\u017e\u00edvanej siete oper\u00e1tora.  Fotopasca m\u00e1 aj intern\u00fa SD kartu pre ukladanie sn\u00edmkov, preto aj v pr\u00edpade v\u00fdpadku sign\u00e1lu je st\u00e1le mo\u017en\u00e9 z\u00edska\u0165 z\u00e1znamy. Fotopacsa m\u00f4\u017ee by\u0165 nap\u00e1jan\u00e1 vn\u00fatornou alebo externou bat\u00e9riou, sol\u00e1rnym panelom alebo aj z pevnej elektrickej siete.  Fotopasca m\u00f4\u017ee by\u0165 in\u0161talovan\u00e1 aj do\u010dasne a po splnen\u00ed svojho \u00fa\u010delu premiestnen\u00e1 na in\u00e9 miesto.<\/p>\n\n\n<div class=\"wp-block-image\">\n<figure class=\"aligncenter size-full is-resized\"><img loading=\"lazy\" decoding=\"async\" width=\"300\" height=\"702\" src=\"https:\/\/ryscloud.sk\/wp-content\/uploads\/2024\/11\/fotopasca_w300px-1.jpg\" alt=\"\" class=\"wp-image-3479\" style=\"width:131px;height:auto\" srcset=\"https:\/\/ryscloud.sk\/wp-content\/uploads\/2024\/11\/fotopasca_w300px-1.jpg 300w, https:\/\/ryscloud.sk\/wp-content\/uploads\/2024\/11\/fotopasca_w300px-1-128x300.jpg 128w, https:\/\/ryscloud.sk\/wp-content\/uploads\/2024\/11\/fotopasca_w300px-1-64x150.jpg 64w\" sizes=\"auto, (max-width: 300px) 100vw, 300px\" \/><\/figure>\n<\/div>\n\n\n<div style=\"height:20px\" aria-hidden=\"true\" class=\"wp-block-spacer\"><\/div>\n\n\n\n<div style=\"height:20px\" aria-hidden=\"true\" class=\"wp-block-spacer\"><\/div>\n\n\n\n<p class=\"has-text-align-center\">Sn\u00edmky z fotopasce alebo viacer\u00fdch fotopasc\u00ed s\u00fa priraden\u00e9 k udalostiam konkr\u00e9tneho zariadenia \/ zariadn\u00ed v SSO, synchronizuj\u00fa sa na z\u00e1klade \u010dasu sn\u00edmky a \u010dasu udalosti. Takto je mo\u017en\u00e9 z\u00edska\u0165 dokonal\u00ed preh\u013ead o kontrolovanom priestore.<\/p>\n\n\n\n<div style=\"height:20px\" aria-hidden=\"true\" class=\"wp-block-spacer\"><\/div>\n\n\n\n<div class=\"wp-block-columns is-layout-flex wp-container-core-columns-is-layout-9d6595d7 wp-block-columns-is-layout-flex\">\n<div class=\"wp-block-column is-layout-flow wp-block-column-is-layout-flow\">\n<div class=\"wp-block-columns is-layout-flex wp-container-core-columns-is-layout-9d6595d7 wp-block-columns-is-layout-flex\">\n<div class=\"wp-block-column is-layout-flow wp-block-column-is-layout-flow\" style=\"flex-basis:300%\">\n<p class=\"has-normal-font-size\" style=\"letter-spacing:3px;text-transform:uppercase\"><i class=\"icon fa fa-check-square-o\" aria-hidden=\"true\"> <\/i> lesn\u00e9 z\u00e1vory, posedy, stavby v extravil\u00e1ne obc\u00ed a miest <\/p>\n<\/div>\n<\/div>\n<\/div>\n\n\n\n<div class=\"wp-block-column is-layout-flow wp-block-column-is-layout-flow\">\n<div class=\"wp-block-columns is-layout-flex wp-container-core-columns-is-layout-9d6595d7 wp-block-columns-is-layout-flex\">\n<div class=\"wp-block-column is-layout-flow wp-block-column-is-layout-flow\" style=\"flex-basis:33.33%\"><\/div>\n\n\n\n<div class=\"wp-block-column is-layout-flow wp-block-column-is-layout-flow\" style=\"flex-basis:300%\">\n<p class=\"has-normal-font-size\" style=\"letter-spacing:3px;text-transform:uppercase\"><i class=\"icon fa fa-check-square-o\" aria-hidden=\"true\"> <\/i> stojisk\u00e1, kde doch\u00e1dza k po\u0161kodzovaniu alebo zne\u010dis\u0165ovaniu kontajnerov<\/p>\n<\/div>\n<\/div>\n<\/div>\n\n\n\n<div class=\"wp-block-column is-layout-flow wp-block-column-is-layout-flow\">\n<div class=\"wp-block-columns is-layout-flex wp-container-core-columns-is-layout-9d6595d7 wp-block-columns-is-layout-flex\">\n<div class=\"wp-block-column is-layout-flow wp-block-column-is-layout-flow\" style=\"flex-basis:33.33%\"><\/div>\n\n\n\n<div class=\"wp-block-column is-layout-flow wp-block-column-is-layout-flow\" style=\"flex-basis:300%\">\n<p class=\"has-normal-font-size\" style=\"letter-spacing:3px;text-transform:uppercase\"><i class=\"icon fa fa-check-square-o\" aria-hidden=\"true\"> <\/i> uzamknut\u00e9 objekty kde sa zneu\u017e\u00edvaj\u00fa neautorizovan\u00e9 k\u00f3pie \u010dipov<\/p>\n<\/div>\n<\/div>\n<\/div>\n<\/div>\n\n\n\n<p class=\"has-text-align-center has-large-font-size\"><strong>Zv\u00fd\u0161te efektivitu pr\u00edstupov\u00e9ho syst\u00e9mu prostredn\u00edctvom fotopasc\u00ed<\/strong>!<\/p>\n","protected":false},"excerpt":{"rendered":"<p>CLOUDOV\u00c1 FOTOPASCA Pre zv\u00fd\u0161enie bezpe\u010dnosti uzamknut\u00fdch pr\u00edstupov\u00fdch bodov &#8211; stojisk\u00e1 a kontajnery na odpad, lesn\u00e9 z\u00e1vory a stavby je vhodn\u00e9 doplni\u0165 &hellip;<\/p>\n","protected":false},"author":2,"featured_media":0,"parent":0,"menu_order":0,"comment_status":"closed","ping_status":"closed","template":"","meta":{"_exactmetrics_skip_tracking":false,"_exactmetrics_sitenote_active":false,"_exactmetrics_sitenote_note":"","_exactmetrics_sitenote_category":0,"footnotes":""},"class_list":["post-3478","page","type-page","status-publish","hentry"],"_links":{"self":[{"href":"https:\/\/ryscloud.sk\/index.php\/wp-json\/wp\/v2\/pages\/3478","targetHints":{"allow":["GET"]}}],"collection":[{"href":"https:\/\/ryscloud.sk\/index.php\/wp-json\/wp\/v2\/pages"}],"about":[{"href":"https:\/\/ryscloud.sk\/index.php\/wp-json\/wp\/v2\/types\/page"}],"author":[{"embeddable":true,"href":"https:\/\/ryscloud.sk\/index.php\/wp-json\/wp\/v2\/users\/2"}],"replies":[{"embeddable":true,"href":"https:\/\/ryscloud.sk\/index.php\/wp-json\/wp\/v2\/comments?post=3478"}],"version-history":[{"count":11,"href":"https:\/\/ryscloud.sk\/index.php\/wp-json\/wp\/v2\/pages\/3478\/revisions"}],"predecessor-version":[{"id":3538,"href":"https:\/\/ryscloud.sk\/index.php\/wp-json\/wp\/v2\/pages\/3478\/revisions\/3538"}],"wp:attachment":[{"href":"https:\/\/ryscloud.sk\/index.php\/wp-json\/wp\/v2\/media?parent=3478"}],"curies":[{"name":"wp","href":"https:\/\/api.w.org\/{rel}","templated":true}]}}