{"id":37,"date":"2021-02-05T13:13:29","date_gmt":"2021-02-05T12:13:29","guid":{"rendered":"https:\/\/ryscloud.sk\/?page_id=37"},"modified":"2023-04-29T21:42:28","modified_gmt":"2023-04-29T19:42:28","slug":"aps","status":"publish","type":"page","link":"https:\/\/ryscloud.sk\/index.php\/aps\/","title":{"rendered":"APS"},"content":{"rendered":"\n<h2 class=\"wp-block-heading has-text-align-center\" style=\"text-transform:uppercase\">Auton\u00f3mny pr\u00edstupov\u00fd syst\u00e9m<\/h2>\n\n\n\n<p class=\"has-text-align-center has-accent-1-color has-text-color has-large-font-size\">Ide\u00e1lne rie\u0161enie pre vstup pracovn\u00edkov odvozu odpadu do elektronicky uzamknut\u00fdch  kontajnerov\u00fdch  stoj\u00edsk<\/p>\n\n\n\n<p class=\"has-text-align-center\"><strong>Auton\u00f3mny pr\u00edstupov\u00fd syst\u00e9m &#8211; APS<\/strong> predstavuje modern\u00fd syst\u00e9m, ktor\u00fd <mark style=\"background-color:rgba(0, 0, 0, 0)\" class=\"has-inline-color has-accent-1-color\">zabezpe\u010d\u00ed jednoduch\u00fd vstup pracovn\u00edkom odvozu odpadu do elektronicky uzamknut\u00fdch kontajnerov\u00fdch stoj\u00edsk<\/mark>. Syst\u00e9m je plne auton\u00f3mny a nez\u00e1visl\u00fd od extern\u00e9ho pr\u00edstupov\u00e9ho syst\u00e9mu, ktor\u00fd vyu\u017e\u00edvaj\u00fa pre vstup do stojiska obyvatelia bytov\u00e9ho domu. <\/p>\n\n\n\n<div style=\"height:20px\" aria-hidden=\"true\" class=\"wp-block-spacer\"><\/div>\n\n\n\n<div class=\"wp-block-columns is-layout-flex wp-container-core-columns-is-layout-9d6595d7 wp-block-columns-is-layout-flex\">\n<div class=\"wp-block-column has-sitebg-background-color has-background is-layout-flow wp-block-column-is-layout-flow\">\n<div class=\"wp-block-columns is-layout-flex wp-container-core-columns-is-layout-9d6595d7 wp-block-columns-is-layout-flex\">\n<div class=\"wp-block-column is-layout-flow wp-block-column-is-layout-flow\">\n<p class=\"has-drop-cap has-accent-1-color has-text-color\" style=\"font-size:8px\">1<\/p>\n<\/div>\n\n\n\n<div class=\"wp-block-column is-layout-flow wp-block-column-is-layout-flow\" style=\"flex-basis:300px\">\n<p class=\"has-large-font-size\" style=\"text-transform:uppercase\">pr\u00edstup pre pracovn\u00edkov odvozu odpadu bez poplatku<\/p>\n<\/div>\n<\/div>\n<\/div>\n\n\n\n<div class=\"wp-block-column is-layout-flow wp-block-column-is-layout-flow\">\n<div class=\"wp-block-columns is-layout-flex wp-container-core-columns-is-layout-9d6595d7 wp-block-columns-is-layout-flex\">\n<div class=\"wp-block-column is-layout-flow wp-block-column-is-layout-flow\">\n<p class=\"has-drop-cap has-accent-1-color has-text-color\" style=\"font-size:8px\">2<\/p>\n<\/div>\n\n\n\n<div class=\"wp-block-column is-layout-flow wp-block-column-is-layout-flow\" style=\"flex-basis:300px\">\n<p class=\"has-large-font-size\" style=\"text-transform:uppercase\">funguje nez\u00e1visl\u00e9 od  syst\u00e9mu pre obyvate\u013eov <\/p>\n<\/div>\n<\/div>\n<\/div>\n\n\n\n<div class=\"wp-block-column is-layout-flow wp-block-column-is-layout-flow\">\n<div class=\"wp-block-columns is-layout-flex wp-container-core-columns-is-layout-9d6595d7 wp-block-columns-is-layout-flex\">\n<div class=\"wp-block-column is-layout-flow wp-block-column-is-layout-flow\">\n<p class=\"has-drop-cap has-accent-1-color has-text-color\" style=\"font-size:8px\">3<\/p>\n<\/div>\n\n\n\n<div class=\"wp-block-column is-layout-flow wp-block-column-is-layout-flow\" style=\"flex-basis:300px\">\n<p class=\"has-large-font-size\" style=\"text-transform:uppercase\">preh\u013eadn\u00e1 evidencia spr\u00edstupnen\u00fdch stoj\u00edsk<\/p>\n<\/div>\n<\/div>\n<\/div>\n<\/div>\n\n\n\n<p class=\"has-text-align-center\"><strong>APS m\u00f4\u017ee by\u0165 doplnen\u00fd do u\u017e vybudovan\u00fdch a uzamknut\u00fdch stoj\u00edsk, are\u00e1lov, alebo uzatvoren\u00fdch obytn\u00fdch z\u00f3n,  kde s\u00fa umiestnen\u00e9 zbern\u00e9 n\u00e1doby alebo sa m\u00f4\u017ee sta\u0165 s\u00fa\u010das\u0165ou nov\u00fdch stoj\u00edsk.<\/strong> Syst\u00e9m poskytuje vysok\u00fa mechanick\u00fa odolnos\u0165, sp\u013a\u0148a podmienky na prev\u00e1dzku v n\u00e1ro\u010dnom exteri\u00e9rovom prostred\u00ed.  Z\u00e1rove\u0148 syst\u00e9m pon\u00faka vysok\u00fa d\u00e1tov\u00fa bezpe\u010dnos\u0165 a nad\u010dasov\u00e9 rie\u0161enia a schopnos\u0165 jednoduchej migr\u00e1cie na vy\u0161\u0161iu bezpe\u010dnostn\u00fa \u00farove\u0148 pre bud\u00facnos\u0165. <\/p>\n\n\n\n<div class=\"wp-block-boldblocks-icon-separator\" role=\"separator\"><div class=\"wp-block-boldblocks-icon-separator__inner icon-center is-align-center\" style=\"--bb--width--sm:var(--bb--width--lg);--bb--width--md:var(--bb--width--lg);--bb--width--lg:25%;--bb-border:1px solid var(--wp--preset--color--accent-1, #e2671f);--bb--icon-width:1em;--bb--icon-spacing:.5em;--bb--icon-fill-color:var(--wp--preset--color--accent-1, #e2671f)\"><svg xmlns=\"http:\/\/www.w3.org\/2000\/svg\" viewBox=\"0 0 20 20\" class=\"bb-icon bb-icon--arrow-down-alt2\">\n  <path d=\"m5 6 5 5 5-5 2 1-7 7-7-7z\"><\/path>\n<\/svg><\/div><\/div>\n\n\n\n<div style=\"height:30px\" aria-hidden=\"true\" class=\"wp-block-spacer\"><\/div>\n\n\n<style>#sp-ea-1034 .spcollapsing { height: 0; overflow: hidden; transition-property: height;transition-duration: 300ms;}#sp-ea-1034.sp-easy-accordion>.sp-ea-single {margin-bottom: 10px; border: 1px solid #e2e2e2; }#sp-ea-1034.sp-easy-accordion>.sp-ea-single>.ea-header a {color: #444;}#sp-ea-1034.sp-easy-accordion>.sp-ea-single>.sp-collapse>.ea-body {background: #fff; color: #444;}#sp-ea-1034.sp-easy-accordion>.sp-ea-single {background: #eee;}#sp-ea-1034.sp-easy-accordion>.sp-ea-single>.ea-header a .ea-expand-icon { float: left; color: #e2671f;font-size: 16px;}<\/style><div id=\"sp_easy_accordion-1692696008\"><div id=\"sp-ea-1034\" class=\"sp-ea-one sp-easy-accordion\" data-ea-active=\"ea-click\" data-ea-mode=\"vertical\" data-preloader=\"\" data-scroll-active-item=\"\" data-offset-to-scroll=\"0\"><div class=\"ea-card sp-ea-single\"><h3 class=\"ea-header\"><a class=\"collapsed\" id=\"ea-header-10340\" role=\"button\" data-sptoggle=\"spcollapse\" data-sptarget=\"#collapse10340\" aria-controls=\"collapse10340\" href=\"#\" aria-expanded=\"false\" tabindex=\"0\"><i aria-hidden=\"true\" role=\"presentation\" class=\"ea-expand-icon eap-icon-ea-expand-plus\"><\/i> Pre koho je APS ur\u010den\u00e9?<\/a><\/h3><div class=\"sp-collapse spcollapse spcollapse\" id=\"collapse10340\" data-parent=\"#sp-ea-1034\" role=\"region\" aria-labelledby=\"ea-header-10340\"> <div class=\"ea-body\"><p>APS je ur\u010den\u00e9 pre v\u0161etky bytov\u00e9 domy a objekty s elektronicky uzamknut\u00fdm kontajnerov\u00fdm stojiskom, pre ktor\u00e9 zabezpe\u010duje odvoz zmesov\u00e9ho alebo trieden\u00e9ho odpadu spolo\u010dnos\u0165 OLO a.s. na z\u00e1klade zmluvy uzatvorenej s Magistr\u00e1tom hlavn\u00e9ho mesta SR Bratislavy .<\/p><\/div><\/div><\/div><div class=\"ea-card sp-ea-single\"><h3 class=\"ea-header\"><a class=\"collapsed\" id=\"ea-header-10341\" role=\"button\" data-sptoggle=\"spcollapse\" data-sptarget=\"#collapse10341\" aria-controls=\"collapse10341\" href=\"#\" aria-expanded=\"false\" tabindex=\"0\"><i aria-hidden=\"true\" role=\"presentation\" class=\"ea-expand-icon eap-icon-ea-expand-plus\"><\/i> Pre\u010do in\u0161talova\u0165 APS?<\/a><\/h3><div class=\"sp-collapse spcollapse spcollapse\" id=\"collapse10341\" data-parent=\"#sp-ea-1034\" role=\"region\" aria-labelledby=\"ea-header-10341\"> <div class=\"ea-body\"><p>Pod\u013ea VZN 6\/2020 o nakladan\u00ed s komun\u00e1lnymi odpadmi a drobn\u00fdmi stavebn\u00fdmi odpadmi na \u00fazem\u00ed hlavn\u00e9ho mesta SR Bratislavy s\u00fa spr\u00e1vcovia povinn\u00ed v de\u0148 odvozu spr\u00edstup\u0148ova\u0165 zbern\u00e9 n\u00e1doby. Spr\u00edstup\u0148ovanie n\u00e1dob zabezpe\u010duje aj spolo\u010dnos\u0165 OLO prostredn\u00edctvom univerz\u00e1lneho cylindrick\u00e9ho z\u00e1mku alebo modern\u00e9ho elektronick\u00e9ho APS syst\u00e9mu.<\/p><p>Obnova bytov\u00fdch domov na \u00fazem\u00ed hlavn\u00e9ho mesta Bratislavy je sprev\u00e1dzan\u00e1 v\u00fdstavbou uzamknut\u00fdch kontajnerov\u00fdch stoj\u00edsk, ktor\u00e1 prebieha bez regul\u00e1cie typov pou\u017e\u00edvan\u00fdch uzamykac\u00edch syst\u00e9mov, a preto museli pracovn\u00edci OLO a.s. disponova\u0165 ve\u013ek\u00fdm mno\u017estvom r\u00f4znych mechanick\u00fdch a elektronick\u00fdch k\u013e\u00fa\u010dov, kariet a ovl\u00e1da\u010dov. Sp\u00f4sobovalo to nielen probl\u00e9my pri manipul\u00e1cii s k\u013e\u00fa\u010dmi po\u010das odvozu odpadu, ale aj pri ich spr\u00e1ve v pr\u00edpade straty \u010di po\u0161kodenia.<\/p><p><a href=\"https:\/\/www.youtube.com\/watch?v=tv6yL-loogI&amp;feature=youtu.be\" target=\"_blank\" rel=\"noopener\">Pozrite si video o d\u00f4vodoch vzniku APS.<\/a><\/p><\/div><\/div><\/div><div class=\"ea-card sp-ea-single\"><h3 class=\"ea-header\"><a class=\"collapsed\" id=\"ea-header-10342\" role=\"button\" data-sptoggle=\"spcollapse\" data-sptarget=\"#collapse10342\" aria-controls=\"collapse10342\" href=\"#\" aria-expanded=\"false\" tabindex=\"0\"><i aria-hidden=\"true\" role=\"presentation\" class=\"ea-expand-icon eap-icon-ea-expand-plus\"><\/i> Ak\u00e9 s\u00fa v\u00fdhody APS?<\/a><\/h3><div class=\"sp-collapse spcollapse spcollapse\" id=\"collapse10342\" data-parent=\"#sp-ea-1034\" role=\"region\" aria-labelledby=\"ea-header-10342\"> <div class=\"ea-body\"><ul><li><strong>v de\u0148 v\u00fdvozu odpadu nemus\u00edte rie\u0161i\u0165 spr\u00edstupnenie stojiska<\/strong> pracovn\u00edkom OLO a.s. , nerie\u0161ite stratu ani nefunk\u010dnos\u0165 \u201eolo\u201c identifik\u00e1torov\/k\u013e\u00fa\u010dov;<\/li><li><strong>svoj syst\u00e9m nemus\u00edte meni\u0165<\/strong> - APS je nez\u00e1visl\u00fd od u\u017e in\u0161talovan\u00e9ho pr\u00edstupov\u00e9ho syst\u00e9mu bez oh\u013eadu na to, \u010di m\u00e1te DEK syst\u00e9m alebo RFID bezkontaktn\u00fd syst\u00e9m;<\/li><li>cel\u00e9 APS m\u00e1 ve\u013emi <strong>n\u00edzku spotrebu elektrickej energie<\/strong>, n\u00e1klady na sprev\u00e1dzkovanie APS je mo\u017en\u00e9 zn\u00ed\u017ei\u0165 vyu\u017eit\u00edm u\u017e existuj\u00facich nap\u00e1jac\u00edch zdrojov na stojisku;<\/li><li><strong>\u010d\u00edta\u010dku DESFire, ktor\u00e1 je s\u00fa\u010das\u0165ou APS m\u00f4\u017eete zdiela\u0165<\/strong> pokia\u013e vyu\u017e\u00edvate, alebo sa \u010dasom rozhodnete prejs\u0165 na DESFire syst\u00e9m,\u00a0 pri\u010dom v\u00e1\u0161 syst\u00e9m bude ma\u0165 rozdielne bezpe\u010dnostn\u00e9 prvky.<\/li><\/ul><\/div><\/div><\/div><div class=\"ea-card sp-ea-single\"><h3 class=\"ea-header\"><a class=\"collapsed\" id=\"ea-header-10343\" role=\"button\" data-sptoggle=\"spcollapse\" data-sptarget=\"#collapse10343\" aria-controls=\"collapse10343\" href=\"#\" aria-expanded=\"false\" tabindex=\"0\"><i aria-hidden=\"true\" role=\"presentation\" class=\"ea-expand-icon eap-icon-ea-expand-plus\"><\/i> M\u00f4\u017ee by\u0165 APS in\u0161talovan\u00e9 aj na rampe?<\/a><\/h3><div class=\"sp-collapse spcollapse spcollapse\" id=\"collapse10343\" data-parent=\"#sp-ea-1034\" role=\"region\" aria-labelledby=\"ea-header-10343\"> <div class=\"ea-body\"><p>\u00c1no, APS m\u00f4\u017ee ovl\u00e1da\u0165 rampy, z\u00e1vory, kr\u00eddlov\u00e9, posuvn\u00e9, gar\u00e1\u017eov\u00e9 br\u00e1ny a samozrejme dvere.<\/p><\/div><\/div><\/div><div class=\"ea-card sp-ea-single\"><h3 class=\"ea-header\"><a class=\"collapsed\" id=\"ea-header-10344\" role=\"button\" data-sptoggle=\"spcollapse\" data-sptarget=\"#collapse10344\" aria-controls=\"collapse10344\" href=\"#\" aria-expanded=\"false\" tabindex=\"0\"><i aria-hidden=\"true\" role=\"presentation\" class=\"ea-expand-icon eap-icon-ea-expand-plus\"><\/i> Na ak\u00e9 stojisko je mo\u017en\u00e9 APS nain\u0161talova\u0165?<\/a><\/h3><div class=\"sp-collapse spcollapse spcollapse\" id=\"collapse10344\" data-parent=\"#sp-ea-1034\" role=\"region\" aria-labelledby=\"ea-header-10344\"> <div class=\"ea-body\"><p>Kontajnerov\u00e9 stojisko mus\u00ed sp\u013a\u0148a\u0165 nieko\u013eko podmienok, ktor\u00e9 umo\u017enia spo\u013eahliv\u00fa prev\u00e1dzku syst\u00e9mu:<\/p><ol><li><strong>Uzamykate\u013en\u00e1 kon\u0161trukcia kontajnerov\u00e9ho stojiska<\/strong> - stojisko mus\u00ed ma\u0165 posuvn\u00fa alebo kr\u00eddlov\u00fa br\u00e1nu s pevn\u00fdm dorazom.<\/li><li><strong>Zdroj nap\u00e1jania<\/strong> - syst\u00e9m m\u00f4\u017ee by\u0165 nap\u00e1jan\u00fd z trval\u00e9ho zdroja nap\u00e1jania - k\u00e1blom, ktor\u00fd je odpor\u00fa\u010dan\u00fdm typom nap\u00e1jania, alebo alternat\u00edvnym zdrojom nap\u00e1jania, t.j. mal\u00fdm sol\u00e1rnym syst\u00e9mom, bat\u00e9riov\u00fdm syst\u00e9mom s regul\u00e1ciou nap\u00e1jania. Vyu\u017eit\u00fd m\u00f4\u017ee by\u0165 zdroj nap\u00e1jania, ktor\u00fd je s\u00fa\u010das\u0165ou pr\u00edstupov\u00e9ho syst\u00e9mu pre vstup obyvate\u013eov bytov\u00e9ho domu. V ka\u017edom pr\u00edpade mus\u00ed ma\u0165 zdroj nap\u00e1jania dostato\u010dn\u00fa kapacitu pre nap\u00e1janie auton\u00f3mneho pr\u00edstupov\u00e9ho syst\u00e9mu.<\/li><li><strong>Elektrick\u00fd z\u00e1mok<\/strong> - br\u00e1na mus\u00ed by\u0165 osaden\u00e1 funk\u010dn\u00fdm elektrick\u00fdm alebo elektromagnetick\u00fdm z\u00e1mkom. Z\u00e1mok mus\u00ed sp\u013a\u0148a\u0165 n\u00e1roky na prev\u00e1dzku vo vonkaj\u0161om prostred\u00ed. Odpor\u00fa\u010dan\u00e9 s\u00fa z\u00e1mky vodotesn\u00e9 s IP ochranou, odol\u00e1vaj\u00face n\u00edzkym aj vysok\u00fdm teplot\u00e1m.<\/li><\/ol><\/div><\/div><\/div><div class=\"ea-card sp-ea-single\"><h3 class=\"ea-header\"><a class=\"collapsed\" id=\"ea-header-10345\" role=\"button\" data-sptoggle=\"spcollapse\" data-sptarget=\"#collapse10345\" aria-controls=\"collapse10345\" href=\"#\" aria-expanded=\"false\" tabindex=\"0\"><i aria-hidden=\"true\" role=\"presentation\" class=\"ea-expand-icon eap-icon-ea-expand-plus\"><\/i> \u010co obsahuje sada APS?<\/a><\/h3><div class=\"sp-collapse spcollapse spcollapse\" id=\"collapse10345\" data-parent=\"#sp-ea-1034\" role=\"region\" aria-labelledby=\"ea-header-10345\"> <div class=\"ea-body\"><p><strong>Z\u00e1kladn\u00e1 sada APS obsahuje:<\/strong><\/p><p>1 ks - opera\u010dn\u00e1 jednotka APS - iKURA OPJ BLUETOOTH, z\u00e1znam udalost\u00ed, 16 nez\u00e1visl\u00fdch datab\u00e1z v OPJ<br \/>1 ks - mont\u00e1\u017ena krabica IP56 s mont\u00e1\u017enou sadou a DIN li\u0161tou pre uchytenie OPJ APS<br \/>2 ks - v\u00fdvodky pre k\u00e1bel<br \/>1 ks - bezkontaktn\u00e1 \u010d\u00edta\u010dka APS - ACCESS 8CD 2.0<\/p><p><a href=\"https:\/\/www.rys.sk\/html_sk\/aps_sk.php\" class=\"su-button su-button-style-flat\" style=\"color:#FFFFFF;background-color:#008bae;border-color:#00708c;border-radius:0px\" target=\"__blank\"><span style=\"color:#FFFFFF;padding:6px 18px;font-size:14px;line-height:21px;border-color:#4daec7;border-radius:0px;text-shadow:none\"><i class=\"sui sui-dot-circle-o\" style=\"font-size:14px;color:#FFFFFF\"><\/i> SADA APS<\/span><\/a><br \/><\/p><\/div><\/div><\/div><div class=\"ea-card sp-ea-single\"><h3 class=\"ea-header\"><a class=\"collapsed\" id=\"ea-header-10346\" role=\"button\" data-sptoggle=\"spcollapse\" data-sptarget=\"#collapse10346\" aria-controls=\"collapse10346\" href=\"#\" aria-expanded=\"false\" tabindex=\"0\"><i aria-hidden=\"true\" role=\"presentation\" class=\"ea-expand-icon eap-icon-ea-expand-plus\"><\/i> Kto m\u00f4\u017ee po\u017eiada\u0165 o APS?<\/a><\/h3><div class=\"sp-collapse spcollapse spcollapse\" id=\"collapse10346\" data-parent=\"#sp-ea-1034\" role=\"region\" aria-labelledby=\"ea-header-10346\"> <div class=\"ea-body\"><p>O in\u0161tal\u00e1ciu APS m\u00f4\u017ee po\u017eiada\u0165 <strong>opr\u00e1vnen\u00e1 alebo poveren\u00e1 osoba,<\/strong> napr. spr\u00e1vca bytov\u00e9ho domu \/ objektu, z\u00e1stupca vlastn\u00edkov, mont\u00e1\u017enik, developer apod.<\/p><\/div><\/div><\/div><div class=\"ea-card sp-ea-single\"><h3 class=\"ea-header\"><a class=\"collapsed\" id=\"ea-header-10347\" role=\"button\" data-sptoggle=\"spcollapse\" data-sptarget=\"#collapse10347\" aria-controls=\"collapse10347\" href=\"#\" aria-expanded=\"false\" tabindex=\"0\"><i aria-hidden=\"true\" role=\"presentation\" class=\"ea-expand-icon eap-icon-ea-expand-plus\"><\/i> Ako po\u017eiada\u0165 o APS?<\/a><\/h3><div class=\"sp-collapse spcollapse spcollapse\" id=\"collapse10347\" data-parent=\"#sp-ea-1034\" role=\"region\" aria-labelledby=\"ea-header-10347\"> <div class=\"ea-body\"><p><a href=\"https:\/\/ryscloud.sk\/index.php\/aps-postup\/\" target=\"_blank\" rel=\"noopener\">Postup si pozrite tu.<\/a><\/p><\/div><\/div><\/div><\/div><\/div>\n\n\n\n<div style=\"height:30px\" aria-hidden=\"true\" class=\"wp-block-spacer\"><\/div>\n\n\n\n<p class=\"has-text-align-center has-large-font-size\" style=\"text-transform:uppercase\"><strong>Rozhodli ste sa pre APS?<\/strong><\/p>\n\n\n\n<p class=\"has-text-align-center has-accent-1-color has-text-color has-large-font-size\" style=\"text-transform:uppercase\"><a href=\"https:\/\/ryscloud.sk\/index.php\/aps-postup\/\" data-type=\"page\" data-id=\"1160\">pozrite si Ako postupova\u0165 pri objednan\u00ed  sady APS<\/a><\/p>\n\n\n\n<p class=\"has-text-align-center\">V pr\u00edpade ot\u00e1zok n\u00e1s kontaktujte na adrese sekretariat@rys.sk alebo telefonicky na 02\/53412923.<\/p>\n\n\n\n<div style=\"height:39px\" aria-hidden=\"true\" class=\"wp-block-spacer\"><\/div>\n\n\n\n<figure class=\"wp-block-embed is-type-video is-provider-youtube wp-block-embed-youtube wp-embed-aspect-16-9 wp-has-aspect-ratio\"><div class=\"wp-block-embed__wrapper\">\n<iframe loading=\"lazy\" title=\"Auton\u00f3mny Pr\u00edstupov\u00fd Syst\u00e9m (APS) pre OLO a.s.\" width=\"1199\" height=\"674\" src=\"https:\/\/www.youtube.com\/embed\/tv6yL-loogI?feature=oembed\" frameborder=\"0\" allow=\"accelerometer; autoplay; clipboard-write; encrypted-media; gyroscope; picture-in-picture; web-share\" referrerpolicy=\"strict-origin-when-cross-origin\" allowfullscreen><\/iframe>\n<\/div><\/figure>\n\n\n\n<div style=\"height:30px\" aria-hidden=\"true\" class=\"wp-block-spacer\"><\/div>\n\n\n\n<p class=\"has-text-align-center has-large-font-size\"><a href=\"https:\/\/ryscloud.sk\/index.php\/sso\/\" data-type=\"page\" data-id=\"1734\">Opera\u010dn\u00e1 jednotka <strong>iKURA<\/strong>, ktor\u00e1 je s\u00fa\u010das\u0165ou sady APS prin\u00e1\u0161a smart rie\u0161enie s online spr\u00e1vou cez SSO.<\/a><\/p>\n","protected":false},"excerpt":{"rendered":"<p>Auton\u00f3mny pr\u00edstupov\u00fd syst\u00e9m Ide\u00e1lne rie\u0161enie pre vstup pracovn\u00edkov odvozu odpadu do elektronicky uzamknut\u00fdch kontajnerov\u00fdch stoj\u00edsk Auton\u00f3mny pr\u00edstupov\u00fd syst\u00e9m &#8211; APS predstavuje &hellip;<\/p>\n","protected":false},"author":2,"featured_media":1071,"parent":0,"menu_order":0,"comment_status":"closed","ping_status":"closed","template":"","meta":{"_exactmetrics_skip_tracking":false,"_exactmetrics_sitenote_active":false,"_exactmetrics_sitenote_note":"","_exactmetrics_sitenote_category":0,"footnotes":""},"class_list":["post-37","page","type-page","status-publish","has-post-thumbnail","hentry"],"_links":{"self":[{"href":"https:\/\/ryscloud.sk\/index.php\/wp-json\/wp\/v2\/pages\/37","targetHints":{"allow":["GET"]}}],"collection":[{"href":"https:\/\/ryscloud.sk\/index.php\/wp-json\/wp\/v2\/pages"}],"about":[{"href":"https:\/\/ryscloud.sk\/index.php\/wp-json\/wp\/v2\/types\/page"}],"author":[{"embeddable":true,"href":"https:\/\/ryscloud.sk\/index.php\/wp-json\/wp\/v2\/users\/2"}],"replies":[{"embeddable":true,"href":"https:\/\/ryscloud.sk\/index.php\/wp-json\/wp\/v2\/comments?post=37"}],"version-history":[{"count":45,"href":"https:\/\/ryscloud.sk\/index.php\/wp-json\/wp\/v2\/pages\/37\/revisions"}],"predecessor-version":[{"id":2731,"href":"https:\/\/ryscloud.sk\/index.php\/wp-json\/wp\/v2\/pages\/37\/revisions\/2731"}],"wp:featuredmedia":[{"embeddable":true,"href":"https:\/\/ryscloud.sk\/index.php\/wp-json\/wp\/v2\/media\/1071"}],"wp:attachment":[{"href":"https:\/\/ryscloud.sk\/index.php\/wp-json\/wp\/v2\/media?parent=37"}],"curies":[{"name":"wp","href":"https:\/\/api.w.org\/{rel}","templated":true}]}}