{"id":4164,"date":"2025-04-17T15:19:51","date_gmt":"2025-04-17T13:19:51","guid":{"rendered":"https:\/\/ryscloud.sk\/?page_id=4164"},"modified":"2025-04-17T15:33:39","modified_gmt":"2025-04-17T13:33:39","slug":"technicka-sluzba","status":"publish","type":"page","link":"https:\/\/ryscloud.sk\/index.php\/technicka-sluzba\/","title":{"rendered":"Technick\u00e1 slu\u017eba"},"content":{"rendered":"\n<h4 class=\"wp-block-heading has-large-font-size\" style=\"letter-spacing:3px;text-transform:uppercase\">Licencia na prev\u00e1dzkovanie technickej slu\u017eby<\/h4>\n\n\n\n<p>RYS IT, s.r.o. so s\u00eddlom Martin\u010dekova 3\/730, 821 09 Bratislava 2, I\u010cO: 36 609 137 je dr\u017eite\u013eom<strong> licencie na prev\u00e1dzkovanie<em> technickej slu\u017eby<\/em> <\/strong>v rozsahu ustanovenom v \u00a7 7 ods. 1 z\u00e1kona  473\/2005 Z.z. o poskytovan\u00ed slu\u017eieb v oblasti s\u00fakromnej bezpe\u010dnosti a o zmene a doplnen\u00ed niektor\u00fdch z\u00e1konov  (z\u00e1kon o s\u00fakromnej bezpe\u010dnosti) v znen\u00ed neskor\u0161\u00edch predpisov (\u010falej len &#8222;z\u00e1kon&#8220;) &#8211; <em><strong>projektovanie, mont\u00e1\u017e, \u00fadr\u017eba a oprava zabezpe\u010dovac\u00edch syst\u00e9mov alebo poplachov\u00fdch syst\u00e9mov a syst\u00e9mov a zariaden\u00ed umo\u017e\u0148uj\u00facich sledovanie pohybu a konanie osoby v chr\u00e1nenom objekte, na chr\u00e1nenom mieste alebo v ich okol\u00ed. <\/strong><\/em><\/p>\n\n\n\n<p>RYS IT, s.r.o. sp\u013a\u0148a podmienky udelenia licencie ustanoven\u00e9  v \u00a7 70 z\u00e1kona.<\/p>\n\n\n<div class=\"wp-block-image\">\n<figure class=\"aligncenter size-medium\"><a href=\"https:\/\/ryscloud.sk\/wp-content\/uploads\/2025\/04\/RYSIT-licencia-technicka-sluzba.png\"><img loading=\"lazy\" decoding=\"async\" width=\"212\" height=\"300\" src=\"https:\/\/ryscloud.sk\/wp-content\/uploads\/2025\/04\/RYSIT-licencia-technicka-sluzba-212x300.png\" alt=\"\" class=\"wp-image-4167\" srcset=\"https:\/\/ryscloud.sk\/wp-content\/uploads\/2025\/04\/RYSIT-licencia-technicka-sluzba-212x300.png 212w, https:\/\/ryscloud.sk\/wp-content\/uploads\/2025\/04\/RYSIT-licencia-technicka-sluzba-724x1024.png 724w, https:\/\/ryscloud.sk\/wp-content\/uploads\/2025\/04\/RYSIT-licencia-technicka-sluzba-768x1086.png 768w, https:\/\/ryscloud.sk\/wp-content\/uploads\/2025\/04\/RYSIT-licencia-technicka-sluzba-106x150.png 106w, https:\/\/ryscloud.sk\/wp-content\/uploads\/2025\/04\/RYSIT-licencia-technicka-sluzba.png 827w\" sizes=\"auto, (max-width: 212px) 100vw, 212px\" \/><\/a><figcaption class=\"wp-element-caption\"><em>licencia na prev\u00e1dzkovanie technickej slu\u017eby<\/em><\/figcaption><\/figure>\n<\/div>","protected":false},"excerpt":{"rendered":"<p>Licencia na prev\u00e1dzkovanie technickej slu\u017eby RYS IT, s.r.o. so s\u00eddlom Martin\u010dekova 3\/730, 821 09 Bratislava 2, I\u010cO: 36 609 137 je &hellip;<\/p>\n","protected":false},"author":2,"featured_media":0,"parent":0,"menu_order":0,"comment_status":"closed","ping_status":"closed","template":"","meta":{"_exactmetrics_skip_tracking":false,"_exactmetrics_sitenote_active":false,"_exactmetrics_sitenote_note":"","_exactmetrics_sitenote_category":0,"footnotes":""},"class_list":["post-4164","page","type-page","status-publish","hentry"],"_links":{"self":[{"href":"https:\/\/ryscloud.sk\/index.php\/wp-json\/wp\/v2\/pages\/4164","targetHints":{"allow":["GET"]}}],"collection":[{"href":"https:\/\/ryscloud.sk\/index.php\/wp-json\/wp\/v2\/pages"}],"about":[{"href":"https:\/\/ryscloud.sk\/index.php\/wp-json\/wp\/v2\/types\/page"}],"author":[{"embeddable":true,"href":"https:\/\/ryscloud.sk\/index.php\/wp-json\/wp\/v2\/users\/2"}],"replies":[{"embeddable":true,"href":"https:\/\/ryscloud.sk\/index.php\/wp-json\/wp\/v2\/comments?post=4164"}],"version-history":[{"count":8,"href":"https:\/\/ryscloud.sk\/index.php\/wp-json\/wp\/v2\/pages\/4164\/revisions"}],"predecessor-version":[{"id":4179,"href":"https:\/\/ryscloud.sk\/index.php\/wp-json\/wp\/v2\/pages\/4164\/revisions\/4179"}],"wp:attachment":[{"href":"https:\/\/ryscloud.sk\/index.php\/wp-json\/wp\/v2\/media?parent=4164"}],"curies":[{"name":"wp","href":"https:\/\/api.w.org\/{rel}","templated":true}]}}